*2 + 45*j - 8. Let c be p(11). Suppose 1 = 2*g + c. Let x(m) = 12*m**2 - m - 1. Calculate x(g).
12
Suppose 0 = -4*b + 2*o + 8, -6*b + 17 = -b + o. Let c(g) be the first derivative of g**2 + 1/3*g**b + 2 - 5*g. What is c(-4)?
3
Let r(a) be the third derivative of -a**6/120 + a**5/12 + a**4/6 - 42*a**2. Give r(5).
20
Let d(j) = -2*j**2 + 12*j + 7. Let p(n) be the second derivative of n**4/4 - 3*n**3 - 5*n**2 + 4*n. Let u(a) = 8*d(a) + 5*p(a). Determine u(7).
-1
Let l(w) = 2*w**2 - 2*w - 4. Suppose -11*j + 30 = -3. Give l(j).
8
Let f(j) = j**3 + 5*j**2 - 9*j - 18. Let x be f(-6). Let m(s) = -4 + s**3 + 0*s + 13 - s + 9. Determine m(x).
18
Let v(p) = p**2 + 6*p + 2. Let w = 11 + -7. Let q be w*((-7)/(-4))/(-7). Let z = -5 - q. Determine v(z).
-6
Let m(h) be the third derivative of h**6/40 - h**5/30 - h**4/12 - 28*h**2. What is m(2)?
12
Let m be (-286)/(-110) + (-2)/(-5). Suppose 1 = -4*b + 2*b - m*i, -3*b = -2*i + 8. Let t(p) = p**2 - 2*p + 1. Determine t(b).
9
Let g(r) be the first derivative of r**4/4 - r**3 - 4*r**2 + 5*r - 160. Calculate g(5).
15
Let u(l) = -l**3 + 21*l**2 + 20*l + 40. Suppose 4*w - c - 85 = 0, 0 = -w - 4*c + 7*c + 13. What is u(w)?
-4
Let l(b) = b**2 - 8*b + 9. Suppose 16 = 176*o - 172*o. Calculate l(o).
-7
Let u(f) = f**2 + 14*f + 33. Let d(m) = 4*m**2 - 64*m - 78. Let j be d(17). Calculate u(j).
-7
Let d(a) be the third derivative of -a**5/60 - 19*a**4/24 - 29*a**3/6 - 367*a**2. Calculate d(-18).
-11
Let n(x) be the third derivative of x**4/4 - 5*x**3/6 + 3*x**2. Let b be n(1). Let q(f) = -f - 4. Let i(m) = 1. Let a(p) = 5*i(p) + q(p). Give a(b).
0
Let q(c) be the second derivative of c**3/3 - c**2 - 6*c. Suppose 0 = -2*k - 25 + 35. Determine q(k).
8
Suppose -2*a - 5*u + 6 = 0, 3*u + 12 = 105*a - 101*a. Let o(p) = p**3 - 3*p**2 + 4*p - 7. Give o(a).
5
Let q(a) = -a + 1. Let b(u) = u - 1. Let t(g) = 2*b(g) + 3*q(g). Let k(x) = x**3 - 4*x**2 + 2*x - 4. Let j(f) = -k(f) + 2*t(f). What is j(4)?
-10
Let b(u) = -6*u - 18*u**2 + 103 + 16*u**2 - 112. Give b(-4).
-17
Let p be -1*(-2 - -15) - (14 + -17). Let l(x) = -x**3 - 9*x**2 + 11*x - 1. What is l(p)?
-11
Let p = 418 + -409. Suppose -5 = -5*t + 40. Let x(z) = -2*z - t + p + 4*z**2 - z**2. Calculate x(2).
8
Let a(h) be the first derivative of 3*h**2/2 - 8*h + 77. Determine a(6).
10
Let i be (-3 + 2)*(0 - -1). Let t(h) = 14*h**2 - 11*h**3 + h - 13*h**2 - 16*h**3 - 11*h**3 + 39*h**3. What is t(i)?
-1
Let r(a) = -8*a + 89. Let h be r(11). Let t(d) = 36*d**3 + 6*d**2 - 6*d - 5. Let o(y) = -12*y**3 - 2*y**2 + 2*y + 2. Let l(f) = -8*o(f) - 3*t(f). Give l(h).
-13
Let w(z) = z**2 + 20*z - 7*z - 2 - 5*z - 2*z**2. Suppose -4*k + 22 = -h - 2, 2*h = -8. What is w(k)?
13
Let s be (1 - -470)/((-18)/(-12)). Suppose s - 1962 = -8*a. Let f(j) = -205*j + 1 + a*j + 3. Calculate f(-5).
-1
Let m(x) be the first derivative of -7*x**6/120 + x**5/30 - x**4/24 - 3*x**2/2 + 8. Let b(u) be the second derivative of m(u). Determine b(1).
-6
Let y(f) = -12*f**2 - 87*f - 14. Let i be y(-7). Let k(b) = 5*b - 9. Give k(i).
26
Let a(i) = -7*i + 23. Let b(h) = 38*h - 116. Let y(o) = 22*a(o) + 4*b(o). Determine y(23).
-4
Let g(h) = 9*h**2 + 2*h + 35. Let v(b) = -5*b**2 - 2*b - 18. Let i(q) = 6*g(q) + 11*v(q). What is i(-11)?
1
Let b(y) = -y - 1. Let m(d) = -d**2 + 24*d + 27. Let f be m(25). Suppose 14*q = f*q - 24. Give b(q).
1
Suppose 24*c - 240 + 120 = 0. Let o(m) = -5*m + 23. Calculate o(c).
-2
Let k be 42 - (-12)/(3 - -1). Let w = 47 - k. Let d(o) = 2 + 5*o**2 - o - o**3 - 1 - 3*o**2. What is d(w)?
-1
Let t(f) be the third derivative of f**5/60 + f**4/4 - f**3 - 13*f**2 + f. Determine t(-6).
-6
Suppose 1043*i - 1050*i = 63. Let d(r) be the second derivative of -r**3/6 - r**2 + 2*r. Give d(i).
7
Let u(h) = h**2 + 2*h + 3. Let d be 10/(-6) - 140/(-84). Determine u(d).
3
Let f(j) = -2*j - 10. Let u be f(-7). Suppose 4*a - 15 = -3. Let t(d) = -2*d + a*d + 1 - 2*d - 3. Determine t(u).
-6
Let x = -2657 - -2660. Let v(t) be the first derivative of -t**3 + 3*t**2/2 + 3*t + 1. Give v(x).
-15
Let k(q) = -162 + 95 + 82 + q. Calculate k(-11).
4
Let m(i) = i**3 - 6*i**2 + 4*i - 4. Let h(x) = -9*x - 50. Let y be h(-6). Calculate m(y).
-20
Let y(s) = s**2. Let r(m) = 3*m**2 + 1. Let u(c) = 2*r(c) - 5*y(c). Suppose -4*i - 8 = -6*i. Let o(z) = z**2 - 4*z. Let q be o(i). Calculate u(q).
2
Let j be (-32)/12*(-18)/(-4). Suppose 2*b + 66 - 28 = 2*u, 4*u - 31 = b. Let k = b - j. Let p(m) = -m**2 - 6*m - 4. Determine p(k).
5
Let j(s) = s**3 + 3*s**2 - 3*s - 4. Suppose 0 = -2*k + 2*t - 2, 9*k + 2*t = 8*k - 10. Give j(k).
-8
Let a(k) = k**2 + 9*k + 3. Let v(y) = y**3 - 28*y**2 + y - 36. Let f be v(28). Determine a(f).
-5
Let m(f) be the first derivative of 6*f + 5/2*f**2 - f**3 - 1/4*f**4 - 2. Let o = 3644 - 3648. Determine m(o).
2
Let h(p) be the third derivative of 5*p**4/24 + p**3/6 + 16*p**2 + 2. Give h(4).
21
Let d = 317 + -313. Let v(f) = -f. Let l(o) = -4*o - 4. Let c(i) = -l(i) + 2*v(i). Give c(d).
12
Let n(r) = r**3 - 7*r**2 + 3*r - 4. Suppose -12*v = -7*v + 4*c - 23, 3*v + 3*c - 12 = 0. Calculate n(v).
17
Let y be 4/(-8) + 58/4. Let l be 32/y + 4/(-14). Let a(n) = -n**2 + 0*n + n - n**2 + 2*n. What is a(l)?
-2
Let h(d) = 5*d + 0 - 1 + 2 - d. Let b(k) = -17*k - 4. Let v(t) = -6*b(t) - 26*h(t). Determine v(-3).
4
Let c(u) = u**3 + 3*u**2 - 7*u + 5. Let f be -6*2*(-1)/4. Let m = -8 + f. Let p(t) = t**2. Let z(w) = m*p(w) + c(w). What is z(4)?
9
Let i = 213 + -304. Let v = i + 91. Let w(j) = -10*j - 6. Let x(n) = 7*n + 4. Let t(m) = 5*w(m) + 7*x(m). Determine t(v).
-2
Let x(v) be the first derivative of v**6/120 - v**5/10 + v**4/4 + v**3/2 + 5*v**2 + 14. Let h(f) be the second derivative of x(f). Give h(5).
8
Suppose -5*l - 14 = -3*m, -5*l - 15 = -4*m + 12. Let u(o) = m + 3*o + 4*o**3 - 4*o - 14 + 2*o**3. Calculate u(-1).
-6
Let g(o) be the third derivative of -3*o**4/8 - o**3/6 - 2*o**2 - 502. What is g(5)?
-46
Suppose -10 = 5*n - 40. Suppose 2*o = 5*t + n, -5*t - 5*o + 8 = 28. Let y(x) = -3*x**2 - 4*x - 3. What is y(t)?
-7
Let g(f) = -f + 12. Suppose -4*q - 8 = -6*q. Let m(o) = -o**3 + 9*o**2 + 4. Let b be m(9). Suppose q*j - 44 = b*x - 8, 0 = -2*j - 4*x. What is g(j)?
6
Let k(j) = -2*j - 5*j**2 + 2 + 3 + j**3 + 0*j**3. Suppose -10*h + 4*h = -288. Let l be 63/13 + (h/78)/4. Calculate k(l).
-5
Let h(i) = -i**3 + 1. Suppose 3*u + 0*n - 4*n - 17 = 0, -5*u = -n - 17. Suppose -2*f + 4*j + 2 = 0, 0 = 2*f + f - u*j - 3. Calculate h(f).
0
Let t(z) = 3*z - 1. Let y(q) = 10*q - 2. Let p be (-2 - 0) + -6 + 1. Suppose 2*r = -7 + 11. Let g(i) = p*t(i) + r*y(i). What is g(6)?
-3
Let k(p) = 2*p**3 + 4*p**2 - 2*p + 1. Let a be k(1). Let g(d) = d**2 + 3*d - 10. Calculate g(a).
30
Suppose 4*m + 18 = -p, 5*p = -m - 0 - 14. Let u be p/(-2) + (-6 - -6). Let d(b) = -3*b - 7. Let s(i) = 7*i + 15. Let f(y) = 13*d(y) + 6*s(y). What is f(u)?
2
Let r(v) = v**2 + 4*v + 14. Let k(g) = 38 - 51 + 5*g - 10*g - g**2. Let c(z) = 5*k(z) + 4*r(z). Determine c(-7).
5
Let s(y) = -y + 8. Suppose 16*r - 21*r + 15 = 0. Suppose r*m + 4*q - 24 = -0*q, -40 = -5*m + 4*q. Give s(m).
0
Let z(x) = 5*x + 4. Let j(o) = 76 - 7*o - 83 - 2*o. Let n(a) = -6*j(a) - 10*z(a). What is n(-2)?
-6
Let z(t) = -13*t + 1. Let a be (8/(-14))/((-24)/(-84)). Let q be 3*2/(-12)*a. Calculate z(q).
-12
Let c be (-1 + 5)*2/8. Let y(q) = -1 - 2*q + 3*q**2 - c - 1 - 2*q**2. Let u(j) = -j**3 + 7*j**2 + 8*j + 5. Let p be u(8). Give y(p).
12
Let s(j) = 10*j - 1. Let p be s(-2). Suppose -5*w + 15*w + 980 = 0. Let g be w/p + 2/6. Let r(i) = i**3 - 6*i**2 + 5*i - 2. Give r(g).
-2
Let j be (-56)/(-40) - 297/55. Let t(c) = 5*c + 14. Give t(j).
-6
Let p(o) be the third derivative of -o**6/120 + o**5/60 + 5*o**4/24 + o**3 - 7*o**2. Let a be p(3). Let n(s) = 4*s - a*s - 16 - 3*s**2 + 17. Calculate n(-1).
-3
Let q(u) = 4 - 3*u + 29 - 3*u - 7*u. Let m(g) = 3*g - 8. Let o(j) = -9*m(j) - 2*q(j). Give o(3).
3
Let a(d) = d**2 - 12. Suppose -5*q = 2*j + 87, -3*j - 34 = 5*q + 54. Let i = 17 + q. What is a(i)?
-12
Let q be (-1 - 4)/(-1 - -2). Let a(l) be the third derivative of 0*l + l**2 + 1/6*l**4 - 7/6*l**3 + 1/60*l**5 + 0. Determine a(q).
-2
Suppose -2*b + 16 + 2 = 0. Let t(w) = w**3 - 8*w**2 - 7*w - 12. Give t(b).
6
Suppose -5*h = 2361 - 2361. Let k(v) = v**2 + 14*v. Calculate k(h).
0
Suppose -4*t + 20 = -v - 